2). Suppose h*l = 3*k + 197, 2*l - 30 - 36 = -2*k. Is l a composite number?
False
Let a be 6/(-4)*(-82)/3. Let g = a + -25. Let x = -7 + g. Is x composite?
True
Suppose 0 = -3*n - 4 + 103. Is n a composite number?
True
Is -3 - (0 + (-3 - 1049)) prime?
True
Let f(j) be the second derivative of 3/2*j**2 - 3*j + 2/3*j**4 + 1/20*j**5 + 0 - 1/3*j**3. Is f(-6) a prime number?
False
Is (3/2)/1 - (-838)/4 prime?
True
Is (3325/6)/5 - 4/(-24) a prime number?
False
Is 12/54 + (-2894)/(-18) prime?
False
Let k = 343 + -203. Suppose 3*n + 418 = 2*o, -k = -n + 2*n - o. Is (-1)/(-2)*(-4 - n) a composite number?
False
Let l = 270 + -107. Is l prime?
True
Let p(h) = 5*h**3 - 2*h**2 - h - 2. Let j be p(2). Let a = -47 + j. Let q = 38 + a. Is q composite?
False
Suppose 3*b = -3*u + 558, 7*u - 4*u - 2*b - 583 = 0. Is u a composite number?
False
Let g = -336 + 563. Suppose 2*s + 104 = 5*y, 5*s = -2*y - g + 25. Let m = -5 - s. Is m composite?
False
Let j(f) = -f**2 - 6*f + 4. Let m be j(-9). Let k = 32 - m. Is k a composite number?
True
Let q(p) = p**3 - 8*p**2 + 6*p + 10. Let h be q(7). Let y be (4*6)/((-2)/h). Is 32/18 + (-8)/y a composite number?
False
Is (25374/15 - 3) + (-4)/(-10) composite?
True
Let s(u) = u + 6*u**2 + 7*u - u**2. Let f be s(-6). Suppose 0 = -3*q + f + 69. Is q a prime number?
True
Suppose 2*t + 0 - 4 = 0. Suppose -3*l + 285 = 3*i, 0 = -t*l + 4*l - 2*i - 182. Is l prime?
False
Let p(n) = 215*n**3 - 3*n**2 + 2*n - 3. Is p(2) a composite number?
False
Suppose a - 175 = 12. Is a prime?
False
Suppose 0 = 2*x - 68 - 654. Let q = x - 158. Is q composite?
True
Let w = -424 - -821. Is w a composite number?
False
Let z = 8746 + -6113. Is z a prime number?
True
Suppose -9*z + 11*z = 6. Suppose -4*n - 73 = -4*m - 3*n, 0 = -z*m - n + 60. Is m a composite number?
False
Is 6*(-310)/75*10/(-4) a composite number?
True
Suppose -4*r - 14200 = 5*d, 6*d - 2*r = 3*d - 8498. Is 1/(1/d*-4) a composite number?
False
Let z(a) = 2*a**2 - 5*a + 3. Let u be z(4). Let q = u - -4. Let k = q + -9. Is k a composite number?
True
Suppose -2*q + 17 = -5. Let m = q - 9. Let l(s) = 35*s - 1. Is l(m) prime?
False
Let q = 493 - 282. Is q a prime number?
True
Suppose 0 = -4*b - 163 - 105. Let t = b - -102. Is t a composite number?
True
Suppose -3*m + 4*m - 127 = 0. Is m a prime number?
True
Let w(m) = -16*m - 1. Let u = -6 - -9. Suppose -u - 1 = 2*f. Is w(f) prime?
True
Let x = 286 + 213. Is x composite?
False
Suppose -o - 2*m + 35 = -27, 0 = -5*o - 5*m + 295. Let t = o - 35. Is t a prime number?
False
Let n(d) = d**3 + 9*d**2 + 6*d - 7. Is n(11) composite?
True
Let h be (3/(-2))/(6/(-8)). Suppose -2*w = h, -k - 3*w = 2*k + 57. Let c = k + 97. Is c composite?
False
Let n = -2147 + 3321. Is n prime?
False
Let h = 0 - -1. Let k be (20/12)/(h/3). Let x(b) = 24*b + 7. Is x(k) composite?
False
Let r(b) = 2*b**2 - 10*b - 3. Is r(19) composite?
True
Is ((-166)/(-6))/(3/9) a composite number?
False
Let d(s) = -40*s - 1. Let l be -3*(3 - 35/3). Suppose -m - 10 = 2*m - x, -5*x = -3*m - l. Is d(m) composite?
False
Let t be (1 + -2)*2 + -2. Let h be t/(4/(-147)) + 1. Suppose 5*s - s = h. Is s a composite number?
False
Let s = -3495 - -6436. Is s a prime number?
False
Let q be (-19)/(0 - (3 - 2)). Suppose -3*t = -q - 2. Is t prime?
True
Is 6288 - (-5 + (-36)/(-6)) a prime number?
True
Suppose 6*y + 3*g = 5*y + 159, 711 = 4*y - 3*g. Suppose -7*m + y = 4*v - 2*m, 3*m + 144 = 3*v. Is v prime?
False
Suppose 4*t + 4 = -0. Let o(s) be the third derivative of -11*s**6/120 - s**5/60 - s**4/24 - s**3/6 + s**2. Is o(t) a prime number?
False
Let q = -10 + 14. Suppose -17 = -3*r - y, q*r - 3*y = -4*y + 21. Suppose 0 = -r*g + 125 + 263. Is g a composite number?
False
Let i be 5/1 - (-3 + 3). Suppose 0 = 3*m - i*m. Suppose -4*s - 3*v = v - 156, -s + 2*v + 33 = m. Is s prime?
True
Let z be ((-2292)/15)/(2/(-5)). Is 10/(-45) - z/(-18) composite?
True
Suppose -g + 5*g - 42 = 3*n, -10 = 5*n. Let x = g + -21. Is (33/x)/((-1)/116) a prime number?
False
Suppose f - 4*f + 6 = 0. Suppose f*i = -4, v - 31 - 60 = 4*i. Is v a prime number?
True
Let d be 2/7 - (-4048)/(-56). Let q = 40 - 81. Let t = q - d. Is t a composite number?
False
Suppose 0*d + 928 = 4*d. Let p = -42 + d. Suppose i = -i + p. Is i a prime number?
False
Suppose 3*s + f + 4 = 0, -s = -2*s - f - 4. Is -3 + s + (-4 - -90) composite?
False
Let o = 0 - 0. Let q(l) = -l**3 + o*l + 7 - 3*l**2 + l + 7*l. Is q(-6) composite?
False
Let b = -742 + 133. Let f = 902 + b. Is f a composite number?
False
Suppose -5*s + u = 16, -3*s - 2*s - 10 = 5*u. Is (77 - (-6)/s) + 2 a composite number?
True
Suppose x - 2*b - 685 = 0, -5*x + 2178 + 1247 = 3*b. Is x a prime number?
False
Suppose -2*x - 4 = -4*x. Suppose -x*i - 36 = i. Is (-51)/(-2)*(-16)/i composite?
True
Let t = -38 - -71. Suppose 3*k - t = 30. Suppose 2*u + k = 3*u. Is u composite?
True
Let q(x) = x**3 - 17*x**2 - 3*x - 8. Is q(18) composite?
True
Suppose 5*i - 3936 = 2989. Is i a prime number?
False
Suppose 3 = -f + 5. Suppose 3*x - 185 = -f*x. Is x composite?
False
Let u(y) = -2 + 3 - 3*y - 4. Let k be u(-6). Suppose 0 = -3*q + 192 - k. Is q a prime number?
True
Let y be 3 - -1*(1 - -23). Is (y/(-6) + 1)*-34 a composite number?
True
Let s(r) = -23*r**3 + r**2 + r + 1. Let i be s(-1). Suppose 2*v - 5*w = -v + i, 4*v - 15 = w. Let n(h) = 9*h**2 - 2*h + 4. Is n(v) a prime number?
True
Suppose -u + 4*q + 18 = 0, 0*u - 3*u + 40 = -5*q. Is 1274/u + 2/(-5) prime?
True
Suppose -2 + 14 = 3*k. Suppose -4*v + v = 3*z - 222, k*z - v = 281. Is z a composite number?
False
Let t(d) = -d**3 - 6*d**2 - d - 6. Let n(a) = -7*a**2 + 2*a - 1. Let p be n(1). Let b be t(p). Suppose b*j = -4*j + 88. Is j prime?
False
Suppose -2*u + 773 = -265. Is u prime?
False
Let o(x) be the second derivative of -x**6/120 - x**5/12 + x**3/6 + x**2 - 3*x. Let m(y) be the first derivative of o(y). Is m(-6) a prime number?
True
Suppose 9*z - 2497 = 1526. Is z a composite number?
True
Suppose -a = 4*a - 20. Suppose -5*c + n + 1063 = a*n, 856 = 4*c + n. Is c prime?
False
Let a(n) = -4*n**3 + 3*n**2 - n - 3. Is a(-2) prime?
True
Let u = -145 - -1194. Is u prime?
True
Let p = -2 + 7. Suppose -2*u + 26 = 4*g, -2*u = 4*g - p*g - 6. Suppose 2*c + c + 67 = 5*v, -61 = -4*v - u*c. Is v a prime number?
False
Let i(t) = 2*t. Let a be i(-2). Is (263 - 0/a) + -4 prime?
False
Let x be 5/5*(1 - 2). Let k be -83 - (x/(-1) - 2). Let g = 117 + k. Is g prime?
False
Let r(c) = -c**3 - c**2 + 4. Let u be r(0). Suppose -5*l + 5*d = -815, u*d = -2*l + 413 - 111. Is l a composite number?
True
Suppose 3*r = -3*r + 9378. Is r a composite number?
True
Suppose 0 = x + x - 374. Is x a composite number?
True
Suppose -2*l - 622 = -2*m, -3*m + 7*l = 3*l - 937. Is m a prime number?
True
Suppose -8*y = -4*y + 24. Let i(w) = -26*w + 1. Is i(y) a prime number?
True
Suppose -19 = 4*n - 63. Is n*(-13)/3*-3 a prime number?
False
Let o be 11/((-44)/(-9336)) + 0. Is o/(-4)*6/(-9) a prime number?
True
Suppose 943 = 5*w - 852. Is w prime?
True
Let u = -509 + 779. Suppose 2*i - 3*i = -3*q + u, -2*q = 2*i - 172. Is q a prime number?
True
Suppose -i = 3*i + w - 707, 0 = -5*i - 3*w + 875. Is i composite?
True
Suppose 0*r = s + r + 2, 5*s + 40 = 5*r. Let g(u) = 8*u**2 + 8*u + 3. Is g(s) prime?
True
Let k(x) = 6 - 3*x - 4 - 5*x. Is k(-4) a composite number?
True
Let b = 16 + -11. Suppose 5*c - 135 = b*p, -2*c + 3*c + 2*p = 39. Is c a composite number?
False
Let a = 137 + 170. Is a a composite number?
False
Let q(s) = -s**3 + s**2 + s - 206. Suppose -16 = -5*l + 4*m, -14 = l + 2*m - 6. Let j be q(l). Let t = -115 - j. Is t a composite number?
True
Suppose 0*x - 170 = -2*x. Is x a prime number?
False
Suppose -2*a + 8 = 2*a. Suppose -4*o - a = -38. Is 14/4*(o + 1) a composite number?
True
Let g(y) = 7*y**2 + 3*y - 4. Let v be g(-5). Let k = 438 - v. Suppose 5*l - k - 128 = 3*m, -4*l - 4*m = -296. Is l composite?
False
Suppose -3*p = -l + 52, 0 = -4*l - 2*p + 12 + 210. Let j = l + 24. Is j composite?
False
Is 97*(15/5 - -4) a composite number?
True
Suppose 5*m = b + 130, b = 4*b - 15. Let x = -15 + m. Is ((-45)/x)/(3/(-12)) prime?
False
Suppose -2*f + 5*y - 2*y = -254, 254 = 2*f + 3*y. Is f a prime number?
True
Is (2/4)/((-1)/(-426)) a composite number?
True
Suppose 0 = -4*h + 337 + 91. Let z = -72 